2641813 a prime number?
False
Is 179897803 composite?
False
Is 5313541 a prime number?
True
Is 13208291 prime?
True
Is 1605817 a prime number?
False
Is 58397819 composite?
False
Is 24084091 a composite number?
False
Is 20833831 a prime number?
False
Is 130017605 composite?
True
Is 8218247 prime?
False
Is 79850587 a prime number?
False
Is 2891351 a prime number?
False
Is 37651 a composite number?
True
Is 609446 prime?
False
Is 89257127 prime?
False
Is 2728231 a composite number?
True
Is 51808633 prime?
False
Is 916150357 a composite number?
False
Is 82063309 a prime number?
True
Is 158731 prime?
True
Is 5241479 composite?
False
Is 8144929 composite?
True
Is 1414865 a prime number?
False
Is 20261037 a composite number?
True
Is 471329 composite?
True
Is 25732121 composite?
False
Is 9841343 composite?
False
Is 3095611 composite?
False
Is 3250055 a prime number?
False
Is 1705597 a prime number?
True
Is 297955649 a prime number?
True
Is 36305897 composite?
True
Is 18913553 a composite number?
True
Is 24705935 a composite number?
True
Is 2720957 a prime number?
False
Is 3027389 prime?
True
Is 340453769 prime?
True
Is 20729893 prime?
False
Is 53903573 prime?
False
Is 10624529 composite?
False
Is 1843273 a composite number?
False
Is 23901121 a prime number?
True
Is 3451733 composite?
True
Is 798999 a composite number?
True
Is 859331 a prime number?
False
Is 5451221 prime?
False
Is 144430087 composite?
True
Is 222073 prime?
True
Is 4568407 composite?
True
Is 13481287 a composite number?
False
Is 16372379 composite?
True
Is 7117753 a composite number?
False
Is 65052287 a prime number?
True
Is 16973291 a prime number?
True
Is 3511906 a composite number?
True
Is 117847897 a composite number?
False
Is 45337561 composite?
True
Is 75585229 a composite number?
True
Is 596417 prime?
False
Is 21983263 prime?
False
Is 75231581 prime?
True
Is 2625481 composite?
False
Is 6387061 a prime number?
True
Is 119925791 a composite number?
False
Is 12078043 composite?
False
Is 758607 a composite number?
True
Is 2958551 prime?
False
Is 42640093 composite?
False
Is 112291741 a composite number?
True
Is 17499161 a prime number?
True
Is 408059545 a prime number?
False
Is 610409 prime?
True
Is 1902077 composite?
True
Is 2787859 prime?
True
Is 1363441 a prime number?
False
Is 16379371 composite?
True
Is 76851217 prime?
False
Is 212087093 a prime number?
False
Is 1862477 prime?
True
Is 17898131 a composite number?
True
Is 114211 composite?
True
Is 882061 a composite number?
False
Is 1030399463 prime?
True
Is 264547 a composite number?
True
Is 24564697 composite?
False
Is 4689313 a composite number?
True
Is 12384643 composite?
False
Is 1380571 a composite number?
False
Is 37016839 a composite number?
True
Is 1977277 a prime number?
False
Is 15612967 composite?
False
Is 156812219 a prime number?
False
Is 1999951 a composite number?
True
Is 13021937 a prime number?
False
Is 75395107 a prime number?
True
Is 291129143 a composite number?
False
Is 184640881 a prime number?
True
Is 828313 composite?
True
Is 321191249 prime?
True
Is 394815671 prime?
True
Is 1850393 composite?
True
Is 3804355 prime?
False
Is 84311783 composite?
True
Is 81924779 prime?
False
Is 29183579 a composite number?
False
Is 85408009 composite?
False
Is 21064405 a composite number?
True
Is 3146567 composite?
False
Is 4221917 composite?
True
Is 83019623 a composite number?
False
Is 17484869 a composite number?
False
Is 1585771 a prime number?
False
Is 15204751 a prime number?
True
Is 244812746 composite?
True
Is 4129549 a composite number?
True
Is 12855883 prime?
True
Is 2518619 a composite number?
False
Is 126570733 a prime number?
False
Is 428013281 composite?
True
Is 9564409 a prime number?
False
Is 528907 a prime number?
False
Is 31925477 prime?
False
Is 22328569 a composite number?
False
Is 19579819 prime?
False
Is 37896073 a prime number?
False
Is 153669379 prime?
False
Is 10971679 composite?
False
Is 5923 a composite number?
False
Is 27613 prime?
False
Is 704321191 composite?
True
Is 63197 prime?
True
Is 4109723 composite?
False
Is 155545679 composite?
True
Is 25201573 a composite number?
False
Is 93660467 a composite number?
False
Is 27055087 a composite number?
False
Is 129298181 composite?
False
Is 1078555937 a composite number?
True
Is 28964761 composite?
True
Is 4930973 prime?
True
Is 18140663 a prime number?
False
Is 1284511 a prime number?
True
Is 95990437 a prime number?
False
Is 313890103 a prime number?
False
Is 358167 composite?
True
Is 13552093 composite?
False
Is 26526901 a prime number?
True
Is 85536817 a prime number?
False
Is 72006697 a prime number?
False
Is 348770407 a composite number?
True
Is 180371 prime?
True
Is 27924311 prime?
True
Is 1395701 composite?
True
Is 182387857 a composite number?
False
Is 55927459 a composite number?
True
Is 2901989 composite?
False
Is 8692331 prime?
True
Is 1106641 a prime number?
False
Is 1247004565 composite?
True
Is 7021955 a composite number?
True
Is 326352449 composite?
False
Is 8203483 composite?
False
Is 54610949 composite?
True
Is 50719589 a prime number?
False
Is 52915547 prime?
True
Is 6811913 a prime number?
True
Is 3297031291 composite?
False
Is 27020209 a prime number?
False
Is 171229589 a composite number?
False
Is 495793921 a composite number?
True
Is 9210023 a composite number?
True
Is 207113 a composite number?
False
Is 134529083 prime?
False
Is 93714983 prime?
True
Is 5155849 a composite number?
False
Is 960151 a composite number?
False
Is 72037153 composite?
False
Is 2225759 prime?
False
Is 18648181 a composite number?
False
Is 57863933 a prime number?
True
Is 27857035 a composite number?
True
Is 18387221 a prime number?
True
Is 16471241 composite?
True
Is 14223119 composite?
True
Is 33267743 a prime number?
False
Is 420726011 composite?
False
Is 27612422 composite?
True
Is 236371661 prime?
True
Is 3636857 prime?
False
Is 726679 a composite number?
False
Is 4057619 prime?
False
Is 289249657 a composite number?
False
Is 5536759 composite?
True
Is 33314639 a prime number?
False
Is 3876557 composite?
False
Is 2394707 composite?
True
Is 100712657 a composite number?
True
Is 100537421 a composite number?
False
Is 58548307 a prime number?
True
Is 9360193 a prime number?
False
Is 99901 a composite number?
False
Is 7952251 a composite number?
True
Is 3851654 a prime number?
False
Is 23137399 a composite number?
False
Is 754066237 a composite number?
True
Is 52480463 composite?
True
Is 1470745 a composite number?
True
Is 81435227 composite?
False
Is 3921551 composite?
False
Is 32777053 a composite number?
True
Is 62047363 a prime number?
False
Is 10874131 a composite number?
False
Is 13741509 a composite number?
True
Is 1382531723 a composite number?
True
Is 4577627 a prime number?
True
Is 7400837 a composite number?
False
Is 1047087841 a composite number?
False
Is 968158 prime?
False
Is 11500661 a composite number?
False
Is 113984483 prime?
False
Is 12330473 composite?
False
Is 582195949 prime?
True
Is 80298349 a composite number?
False
Is 1663643 composite?
True
Is 358216969 prime?
False
Is 4067717 composite?
False
Is 14887799 prime?
False
Is 98370937 composite?
True
Is 104803577 a prime number?
False
Is 2585887 a composite number?
True
Is 1534429811 a composite number?
False
Is 181491803 a composite number?
False
Is 3730931 a prime number?
False
Is 4994827 composite?
True
Is 43475231 a prime number?
False
Is 124833589 a composite number?
True
Is 1148837 prime?
True
Is 21319193 a prime number?
False
Is 2330387 a composite number?
False
Is 115963 prime?
True
Is 2265439 prime?
False
Is 88985839 a prime number?
True
Is 63866813 composite?
True
Is 10232501 composite?
False
Is 580031 prime?
True
Is 41395427 prime?
True
Is 14522699 a composite number?
False
Is 4115429 composite?
False
Is 152242297 prime?
True
Is 211748237 composite?
False
Is 362477957 a composite number?
False
Is 4157591 a composite number?
False
Is 49272133 a prime number?
True
Is 1938155 composite?
True
Is 7108657 a composite number?
True
Is 3828023 composite?
False
Is 7945057 a composite number?
False
Is 644964301 composite?
False
Is 54337537 a composite number?
True
Is 1483135 prime?
False
Is 70610869 a prime number?
False
Is 10090667 composite?
False
Is 37069661 a composite nu